{"id":2520,"date":"2022-03-24T22:10:10","date_gmt":"2022-03-24T22:10:10","guid":{"rendered":"http:\/\/stpaul.cl\/conservatorio2021\/?page_id=2520"},"modified":"2023-03-23T21:13:23","modified_gmt":"2023-03-23T21:13:23","slug":"rocio-gutierrez","status":"publish","type":"page","link":"https:\/\/www.stpaul.cl\/conservatorio2026\/?page_id=2520","title":{"rendered":"CANTO \/ Roc\u00edo Guti\u00e9rrez"},"content":{"rendered":"<p style=\"font-family: 'Helvetica Neue', Helvetica, Arial, sans-serif; font-size: 13px; font-style: normal; font-weight: 300;\"><img loading=\"lazy\" decoding=\"async\" class=\"alignleft size-medium wp-image-2521\" src=\"http:\/\/stpaul.cl\/conservatorio2021\/wp-content\/uploads\/2022\/03\/IMG_0652-200x300.jpg\" alt=\"\" width=\"200\" height=\"300\" srcset=\"https:\/\/www.stpaul.cl\/conservatorio2026\/wp-content\/uploads\/2022\/03\/IMG_0652-200x300.jpg 200w, https:\/\/www.stpaul.cl\/conservatorio2026\/wp-content\/uploads\/2022\/03\/IMG_0652-768x1152.jpg 768w, https:\/\/www.stpaul.cl\/conservatorio2026\/wp-content\/uploads\/2022\/03\/IMG_0652-683x1024.jpg 683w\" sizes=\"(max-width: 200px) 100vw, 200px\" \/><\/p>\n<p><span style=\"font-weight: 400;\">Cantante profe<\/span><span style=\"font-size: 13px; font-weight: 400;\">sional titulada con distinci\u00f3n m\u00e1xima del I.P. Escuela Moderna de M\u00fasica, Vi\u00f1a del Mar, a\u00f1o 2020.<\/span><\/p>\n<p><span style=\"font-weight: 400;\">Se ha destacado en diversos eventos culturales organizados por Museo Baburizza, Museo Palacio Rioja, I. Municipalid<\/span><span style=\"font-weight: 400;\">ad de Vi\u00f1a del Mar; en diversos proyectos y agrupaciones, fuera y dentro de la regi\u00f3n, como: <\/span><b style=\"font-family: inherit; font-style: inherit;\">&#8220;Violetas para Violeta&#8221;<\/b><span style=\"font-weight: 400;\"> (2018), <\/span><b style=\"font-family: inherit; font-style: inherit;\">\u201cEleven Band\u201d<\/b><span style=\"font-weight: 400;\"> (2015-2016), <\/span><b style=\"font-family: inherit; font-style: inherit;\">Concierto \u201cViva\u201d<\/b><span style=\"font-weight: 400;\">, Iquique (2019)\u00a0 <\/span><b style=\"font-family: inherit; font-style: inherit;\">\u201c\u00c1rbol\u00a0de los Villancicos\u201d<\/b><span style=\"font-weight: 400;\">\u00a0 proyecto de Leandro Mart\u00ednez y Black Producciones (2017-2020) ; <\/span><b style=\"font-family: inherit; font-style: inherit;\">\u201cEnsamble Quinta Big Band\u201d<\/b><span style=\"font-weight: 400;\"> donde destacan los conciertos \u201cErase una vez en Vi\u00f1a\u201d, Concierto Celebraci\u00f3n 6to Aniversario Ensamble Quinta, realizado en Centro Cultural GAM,Villa Alemana, \u201d Motown\u201d presentado en costanera de San Antonio y Museo Palacio Rioja (2016-2018).\u00a0<\/span><\/p>\n<p><span style=\"font-weight: 400;\">Estuvo a cargo del proyecto <\/span><b>\u201cVi\u00f1ancicos\u201d,<\/b><span style=\"font-weight: 400;\"> que fue parte de las intervenciones navide\u00f1as realizadas por la I.Municipalidad de Vi\u00f1a del Mar (2021).<\/span><\/p>\n<p><span style=\"font-weight: 400;\">Tambi\u00e9n destaca participaci\u00f3n como corista de sesi\u00f3n para \u201cVeranito de San Juan\u201d, de la cantautora Valentina Rodr\u00edguez (2020).\u00a0<\/span><\/p>\n<p><span style=\"font-weight: 400;\">Desde 2015 es vocalista de Meraki D\u00fao, proyecto personal de m\u00fasica popular con el que se presenta en eventos culturales y privados.<\/span><\/p>\n<p><span style=\"font-weight: 400;\">Dedicada a la docencia desde el a\u00f1o 2017, y realiza clases particulares de iniciaci\u00f3n musical y canto popular.<\/span><\/p>\n<p><span style=\"font-weight: 400;\">Ha complementado su carrera con cursos y seminarios de estudios de la voz, como: \u201cFundamentos fisiol\u00f3gicos y t\u00e9cnicos avanzados en Canto Popular\u201d, Dictado por Lic. Karol Acevedo (Fonoaudi\u00f3loga) y Carolina Avil\u00e9s (Entrenadora Vocal), \u201cLa voz en el canto: visi\u00f3n cient\u00edfica, m\u00e9dica y pr\u00e1ctica\u201d, dictado por la Escuela de Fonoaudiolog\u00eda de la Universidad de Los Andes, entre otros.<\/span><\/p>\n","protected":false},"excerpt":{"rendered":"<p>Cantante profesional titulada con distinci\u00f3n m\u00e1xima del I.P. Escuela Moderna de M\u00fasica, Vi\u00f1a del Mar, a\u00f1o 2020. Se ha destacado en diversos eventos culturales organizados por Museo Baburizza, Museo Palacio Rioja, I. Municipalidad de Vi\u00f1a del Mar; en diversos proyectos y agrupaciones, fuera y dentro de la regi\u00f3n, como: &#8220;Violetas para Violeta&#8221; (2018), \u201cEleven Band\u201d&hellip;<\/p>\n","protected":false},"author":1,"featured_media":0,"parent":42,"menu_order":10,"comment_status":"closed","ping_status":"closed","template":"","meta":{"footnotes":""},"_links":{"self":[{"href":"https:\/\/www.stpaul.cl\/conservatorio2026\/index.php?rest_route=\/wp\/v2\/pages\/2520"}],"collection":[{"href":"https:\/\/www.stpaul.cl\/conservatorio2026\/index.php?rest_route=\/wp\/v2\/pages"}],"about":[{"href":"https:\/\/www.stpaul.cl\/conservatorio2026\/index.php?rest_route=\/wp\/v2\/types\/page"}],"author":[{"embeddable":true,"href":"https:\/\/www.stpaul.cl\/conservatorio2026\/index.php?rest_route=\/wp\/v2\/users\/1"}],"replies":[{"embeddable":true,"href":"https:\/\/www.stpaul.cl\/conservatorio2026\/index.php?rest_route=%2Fwp%2Fv2%2Fcomments&post=2520"}],"version-history":[{"count":3,"href":"https:\/\/www.stpaul.cl\/conservatorio2026\/index.php?rest_route=\/wp\/v2\/pages\/2520\/revisions"}],"predecessor-version":[{"id":2564,"href":"https:\/\/www.stpaul.cl\/conservatorio2026\/index.php?rest_route=\/wp\/v2\/pages\/2520\/revisions\/2564"}],"up":[{"embeddable":true,"href":"https:\/\/www.stpaul.cl\/conservatorio2026\/index.php?rest_route=\/wp\/v2\/pages\/42"}],"wp:attachment":[{"href":"https:\/\/www.stpaul.cl\/conservatorio2026\/index.php?rest_route=%2Fwp%2Fv2%2Fmedia&parent=2520"}],"curies":[{"name":"wp","href":"https:\/\/api.w.org\/{rel}","templated":true}]}}