{"id":2549,"date":"2023-03-22T23:06:44","date_gmt":"2023-03-22T23:06:44","guid":{"rendered":"http:\/\/stpaul.cl\/conservatorio2021\/?page_id=2549"},"modified":"2026-04-17T13:50:12","modified_gmt":"2026-04-17T13:50:12","slug":"piano-federico-jimenez","status":"publish","type":"page","link":"https:\/\/www.stpaul.cl\/conservatorio2026\/?page_id=2549","title":{"rendered":"PIANO INTERMEDIO Y AVANZADO- Alonso Hidalgo"},"content":{"rendered":"<div class=\"translate-tooltip-mtz hidden\">\n<div class=\"controls\">\n<div class=\"controls__control-wrapper\">\n<div class=\"controls__inner-circle\"><span style=\"font-size: 13px; text-align: justify;\">M\u00fasico \/ Pianista \/ Docente<\/span><\/div>\n<\/div>\n<\/div>\n<\/div>\n<p>Alonso Hidalgo, licenciado en m\u00fasica PUCV, licenciado en educaci\u00f3n y profesor de m\u00fasica PUCV. Curs\u00f3 el ciclo de piano b\u00e1sico en el conservatorio Izidor Handler bajo la gu\u00eda del profesor An\u00edbal Correa, continuando sus estudios de este instrumento a trav\u00e9s de la gu\u00eda de distintos profesores y asistiendo a seminarios y masterclasses. Como m\u00fasico adem\u00e1s ha sido parte de distintas agrupaciones instrumentales, corales y de m\u00fasica antigua de la regi\u00f3n.<\/p>\n","protected":false},"excerpt":{"rendered":"<p>M\u00fasico \/ Pianista \/ Docente Alonso Hidalgo, licenciado en m\u00fasica PUCV, licenciado en educaci\u00f3n y profesor de m\u00fasica PUCV. Curs\u00f3 el ciclo de piano b\u00e1sico en el conservatorio Izidor Handler bajo la gu\u00eda del profesor An\u00edbal Correa, continuando sus estudios de este instrumento a trav\u00e9s de la gu\u00eda de distintos profesores y asistiendo a seminarios&hellip;<\/p>\n","protected":false},"author":1,"featured_media":0,"parent":42,"menu_order":50,"comment_status":"closed","ping_status":"closed","template":"","meta":{"footnotes":""},"_links":{"self":[{"href":"https:\/\/www.stpaul.cl\/conservatorio2026\/index.php?rest_route=\/wp\/v2\/pages\/2549"}],"collection":[{"href":"https:\/\/www.stpaul.cl\/conservatorio2026\/index.php?rest_route=\/wp\/v2\/pages"}],"about":[{"href":"https:\/\/www.stpaul.cl\/conservatorio2026\/index.php?rest_route=\/wp\/v2\/types\/page"}],"author":[{"embeddable":true,"href":"https:\/\/www.stpaul.cl\/conservatorio2026\/index.php?rest_route=\/wp\/v2\/users\/1"}],"replies":[{"embeddable":true,"href":"https:\/\/www.stpaul.cl\/conservatorio2026\/index.php?rest_route=%2Fwp%2Fv2%2Fcomments&post=2549"}],"version-history":[{"count":4,"href":"https:\/\/www.stpaul.cl\/conservatorio2026\/index.php?rest_route=\/wp\/v2\/pages\/2549\/revisions"}],"predecessor-version":[{"id":2808,"href":"https:\/\/www.stpaul.cl\/conservatorio2026\/index.php?rest_route=\/wp\/v2\/pages\/2549\/revisions\/2808"}],"up":[{"embeddable":true,"href":"https:\/\/www.stpaul.cl\/conservatorio2026\/index.php?rest_route=\/wp\/v2\/pages\/42"}],"wp:attachment":[{"href":"https:\/\/www.stpaul.cl\/conservatorio2026\/index.php?rest_route=%2Fwp%2Fv2%2Fmedia&parent=2549"}],"curies":[{"name":"wp","href":"https:\/\/api.w.org\/{rel}","templated":true}]}}